{"id":31,"date":"2022-06-16T17:31:31","date_gmt":"2022-06-16T17:31:31","guid":{"rendered":"https:\/\/progingles.facmed.unam.mx\/?page_id=31"},"modified":"2023-04-19T20:16:14","modified_gmt":"2023-04-19T20:16:14","slug":"preguntas-frecuentes","status":"publish","type":"page","link":"https:\/\/progingles.facmed.unam.mx\/index.php\/preguntas-frecuentes\/","title":{"rendered":"Preguntas Frecuentes"},"content":{"rendered":"<p>[et_pb_section fb_built=\u00bb1&#8243; admin_label=\u00bbsection\u00bb _builder_version=\u00bb4.17.4&#8243; background_image=\u00bbhttps:\/\/progingles.facmed.unam.mx\/wp-content\/uploads\/2022\/08\/textura02.png\u00bb parallax=\u00bbon\u00bb global_colors_info=\u00bb{}\u00bb][et_pb_row admin_label=\u00bbrow\u00bb _builder_version=\u00bb4.16&#8243; background_size=\u00bbinitial\u00bb background_position=\u00bbtop_left\u00bb background_repeat=\u00bbrepeat\u00bb global_colors_info=\u00bb{}\u00bb][et_pb_column type=\u00bb4_4&#8243; _builder_version=\u00bb4.16&#8243; custom_padding=\u00bb|||\u00bb global_colors_info=\u00bb{}\u00bb custom_padding__hover=\u00bb|||\u00bb][et_pb_text _builder_version=\u00bb4.16&#8243; _module_preset=\u00bbdefault\u00bb text_font=\u00bb|600|||||||\u00bb text_font_size=\u00bb21px\u00bb global_colors_info=\u00bb{}\u00bb]<\/p>\n<p style=\"text-align: center;\"><span>El Programa de Ingl\u00e9s te invita a conocer las preguntas m\u00e1s comunes sobre las diferentes modalidades para acreditar el idioma.\u00a0<\/span><\/p>\n<p>[\/et_pb_text][\/et_pb_column][\/et_pb_row][et_pb_row _builder_version=\u00bb4.16&#8243; _module_preset=\u00bbdefault\u00bb global_colors_info=\u00bb{}\u00bb][et_pb_column type=\u00bb4_4&#8243; _builder_version=\u00bb4.16&#8243; _module_preset=\u00bbdefault\u00bb global_colors_info=\u00bb{}\u00bb][et_pb_toggle title=\u00bb\u00bfEl curso de Comprensi\u00f3n de Lectura en Ingl\u00e9s aborda textos especializados y vocabulario m\u00e9dico?\u00bb _builder_version=\u00bb4.17.4&#8243; _module_preset=\u00bbdefault\u00bb title_font=\u00bb|600|||||||\u00bb hover_enabled=\u00bb0&#8243; global_colors_info=\u00bb{}\u00bb sticky_enabled=\u00bb0&#8243;]El curso de Comprensi\u00f3n de Lectura en Ingl\u00e9s est\u00e1 formado por dos niveles: Comprensi\u00f3n de Lectura en ingl\u00e9s (Nivel B1), Comprensi\u00f3n de Textos especializados (Nivel B2) adaptado para las carreras de M\u00e9dico Cirujano, Neurociencias, Ciencia Forense y Nutrici\u00f3n.<\/p>\n<p>En el Nivel B1 se revisan estrategias generales aplicadas en textos generales para ampliar el vocabulario.<\/p>\n<p>En el Nivel B2 se revisan estrategias avanzadas aplicadas en textos especializados para cada carrera, por lo que s\u00ed se estudia vocabulario de medicina, neurociencias y ciencia forense mediante la lectura de diferentes art\u00edculos en ingl\u00e9s.<\/p>\n<p>Para inscribirte a este curso necesitas demostrar que cuentas con el nivel A2 de acuerdo con la Evaluaci\u00f3n Diagn\u00f3stica en Ingl\u00e9s.[\/et_pb_toggle][et_pb_toggle title=\u00bb\u00bfSi cuento con un certificado (Cambridge, TOELF, IELTS, etc.), puedo usarlo para acreditar el idioma ingl\u00e9s para la titulaci\u00f3n?\u00bb _builder_version=\u00bb4.17.4&#8243; _module_preset=\u00bbdefault\u00bb title_font=\u00bb|600|||||||\u00bb hover_enabled=\u00bb0&#8243; global_colors_info=\u00bb{}\u00bb sticky_enabled=\u00bb0&#8243;]<\/p>\n<p>Depende de la licenciatura que est\u00e9s cursando. Te recomendamos revisar la secci\u00f3n <a href=\"https:\/\/progingles.facmed.unam.mx\/index.php\/acreditacion\/\">acreditaci\u00f3n<\/a>.<br \/>De manera general, la Facultad de Medicina de la UNAM solamente otorga la acreditaci\u00f3n del idioma ingl\u00e9s por los siguientes medios:<\/p>\n<ol>\n<li style=\"list-style-type: none;\">\n<ol>\n<li>Haber presentado y acreditado el Examen \u00danico de Comprensi\u00f3n de Textos Especializados en Ingl\u00e9s por medio del Programa de Ingl\u00e9s de la Facultad de Medicina de la UNAM.<\/li>\n<li>Haber presentado y acreditado el Examen para Residentes ENALLT.<\/li>\n<li>Haber realizado y acreditado el curso de Comprensi\u00f3n de Lectura de Textos M\u00e9dicos en Ingl\u00e9s (B2) de la Facultad de Medicina de la UNAM (regular o intensivo).<\/li>\n<\/ol>\n<\/li>\n<\/ol>\n<p>[\/et_pb_toggle][et_pb_toggle title=\u00bb\u00bfPuedo presentar el Examen \u00danico de Comprensi\u00f3n de Textos Especializados en Ingl\u00e9s y pasarlo sin tener conocimientos?\u00bb _builder_version=\u00bb4.17.4&#8243; _module_preset=\u00bbdefault\u00bb title_font=\u00bb|600|||||||\u00bb global_colors_info=\u00bb{}\u00bb]El Examen \u00danico de Comprensi\u00f3n de Textos Especializados en ingl\u00e9s eval\u00faa que los estudiantes tengan el nivel B2 de acuerdo con el <a href=\"https:\/\/cvc.cervantes.es\/ensenanza\/biblioteca_ele\/marco\/cvc_mer.pdf\" target=\"_blank\" rel=\"noopener\">MCER<\/a>*, contar con conocimientos en textos especializados y poder responder preguntas de comprensi\u00f3n literal, inferencial y cr\u00edtica.<\/p>\n<p>Aunque todos los estudiantes pueden inscribirse al examen, se recomienda que lo presenten solamente aquellos que cuentan con las caracter\u00edsticas mencionadas.[\/et_pb_toggle][et_pb_toggle title=\u00bbSi hago el curso de Comprensi\u00f3n de Lectura en Ingl\u00e9s de todas maneras debo hacer el examen de acreditaci\u00f3n.\u00bb _builder_version=\u00bb4.17.4&#8243; _module_preset=\u00bbdefault\u00bb hover_enabled=\u00bb0&#8243; global_colors_info=\u00bb{}\u00bb closed_title_font=\u00bb|600|||||||\u00bb sticky_enabled=\u00bb0&#8243;]Cuando realizas el curso de Comprensi\u00f3n de Lectura en Ingl\u00e9s (niveles B1 y B2) y obtienes calificaci\u00f3n aprobatoria en ambos niveles, ya acreditaste el idioma ingl\u00e9s para la titulaci\u00f3n. De esta manera ya no es necesario que te inscribas adem\u00e1s al Examen \u00danico de Comprensi\u00f3n de Textos Especializados.[\/et_pb_toggle][et_pb_toggle title=\u00bb\u00bfCu\u00e1ndo debo realizar la acreditaci\u00f3n?\u00bb _builder_version=\u00bb4.17.4&#8243; _module_preset=\u00bbdefault\u00bb hover_enabled=\u00bb0&#8243; global_colors_info=\u00bb{}\u00bb closed_title_font=\u00bb|600|||||||\u00bb sticky_enabled=\u00bb0&#8243;]Si eres de la licenciatura de M\u00e9dico Cirujano, se recomienda contar con el nivel A2 antes del 3er a\u00f1o de la carrera, y antes del 5\u00ba a\u00f1o acreditar el B2. Sin embargo, es necesario que planees tu acreditaci\u00f3n por lo menos un a\u00f1o antes de terminar la carrera.<\/p>\n<p>En el caso de pertenecer a otra licenciatura, es necesario que revises en la coordinaci\u00f3n de tu licenciatura los lineamientos para acreditar el idioma ingl\u00e9s.[\/et_pb_toggle][et_pb_toggle title=\u00bb\u00bfEl curso Ambiente Virtual de Idiomas (AVI) tambi\u00e9n me ayuda a acreditar el idioma ingl\u00e9s para la titulaci\u00f3n?\u00bb _builder_version=\u00bb4.17.4&#8243; _module_preset=\u00bbdefault\u00bb hover_enabled=\u00bb0&#8243; global_colors_info=\u00bb{}\u00bb closed_title_font=\u00bb|600|||||||\u00bb sticky_enabled=\u00bb0&#8243;]El curso AVI se ofrece para aquellos estudiantes que desean aprender ingl\u00e9s en sus cuatro habilidades, y para las licenciaturas que deban obtener el dominio del idioma ingl\u00e9s para la titulaci\u00f3n. Es un curso de 8 niveles sobre temas generales. Puedes revisar la convocatoria semestralmente y si a\u00fan no lo has hecho, solicitar un examen diagn\u00f3stico para ser colocado en el nivel que te corresponda.[\/et_pb_toggle][et_pb_toggle title=\u00bb\u00bfUna vez que acredite el idioma ingl\u00e9s para la titulaci\u00f3n, inmediatamente se ver\u00e1 reflejado en el historial acad\u00e9mico?\u00bb _builder_version=\u00bb4.17.4&#8243; _module_preset=\u00bbdefault\u00bb hover_enabled=\u00bb0&#8243; global_colors_info=\u00bb{}\u00bb closed_title_font=\u00bb|600|||||||\u00bb sticky_enabled=\u00bb0&#8243;]<\/p>\n<p>Si eres de la licenciatura M\u00e9dico Cirujano y Ciencia de la Nutrici\u00f3n Humana, cuando acreditas el idioma por medio del Programa de Ingl\u00e9s de la Facultad de Medicina de la UNAM, se env\u00eda tu acreditaci\u00f3n a Servicios Escolares. Ellos se encargan de que se vea reflejada la acreditaci\u00f3n en tu historial acad\u00e9mico (AC). Este tr\u00e1mite puede tardar entre 1 y 3 meses, sin embargo, puede atrasarse. Es por ello por lo que debes considerar acreditar el idioma ingl\u00e9s antes del 5\u00ba a\u00f1o de la carrera. En el caso de estar estudiando otra licenciatura en la Facultad de Medicina de la UNAM, se te entregar\u00e1 tu constancia de acreditaci\u00f3n que deber\u00e1s entregar en Servicios Escolares.<\/p>\n<p>[\/et_pb_toggle][et_pb_toggle title=\u00bbSi acredit\u00e9 el idioma ingl\u00e9s en la ENALLT o en otra instancia de la UNAM, \u00bfpuedo pedir una constancia de acreditaci\u00f3n en el Programa de Ingl\u00e9s de la Facultad de Medicina de la UNAM?.\u00bb _builder_version=\u00bb4.17.4&#8243; _module_preset=\u00bbdefault\u00bb hover_enabled=\u00bb0&#8243; global_colors_info=\u00bb{}\u00bb sticky_enabled=\u00bb0&#8243; closed_title_font=\u00bb|600|||||||\u00bb]No. El Programa de Ingl\u00e9s de la Facultad de Medicina de la UNAM solamente da constancias a quienes hayan realizado su acreditaci\u00f3n por medio de sus cursos o ex\u00e1menes. [\/et_pb_toggle][et_pb_toggle title=\u00bbSi acredito por medio del Programa de Ingl\u00e9s de la Facultad de Medicina de la UNAM en los primeros a\u00f1os de la licenciatura, \u00bfla constancia tiene vigencia?\u00bb _builder_version=\u00bb4.17.4&#8243; _module_preset=\u00bbdefault\u00bb hover_enabled=\u00bb0&#8243; global_colors_info=\u00bb{}\u00bb closed_title_font=\u00bb|600|||||||\u00bb sticky_enabled=\u00bb0&#8243;]La constancia de acreditaci\u00f3n emitida por el Programa de Ingl\u00e9s de la Facultad de Medicina de la UNAM no tiene caducidad, por lo que podr\u00e1s usarla siempre que te la soliciten. En caso de requerir una revalidaci\u00f3n, puedes solicitarla contando con la informaci\u00f3n de tu acreditaci\u00f3n. El Programa de Ingl\u00e9s no realiza revalidaciones de tr\u00e1mites realizados en otras instancias.Todo tr\u00e1mite realizado en la ENALLT, es ajeno al Programa de Ingl\u00e9s.[\/et_pb_toggle][et_pb_toggle title=\u00bb\u00bfSi no estudio en la Facultad de Medicina de la UNAM, no puedo inscribirme a los cursos del Programa de Ingl\u00e9s?\u00bb _builder_version=\u00bb4.17.4&#8243; _module_preset=\u00bbdefault\u00bb hover_enabled=\u00bb0&#8243; global_colors_info=\u00bb{}\u00bb sticky_enabled=\u00bb0&#8243; closed_title_font=\u00bb|600|||||||\u00bb]<\/p>\n<p>Todos pueden inscribirse a los cursos y ex\u00e1menes del Programa de Ingl\u00e9s, siempre dando prioridad de cupo a los y las estudiantes de la Facultad de Medicina de la UNAM.<\/p>\n<p>[\/et_pb_toggle][\/et_pb_column][\/et_pb_row][et_pb_row _builder_version=\u00bb4.16&#8243; _module_preset=\u00bbdefault\u00bb global_colors_info=\u00bb{}\u00bb][et_pb_column type=\u00bb4_4&#8243; _builder_version=\u00bb4.16&#8243; _module_preset=\u00bbdefault\u00bb global_colors_info=\u00bb{}\u00bb][et_pb_text _builder_version=\u00bb4.16&#8243; _module_preset=\u00bbdefault\u00bb custom_margin=\u00bb||-17px|||\u00bb custom_padding=\u00bb||0px|||\u00bb global_colors_info=\u00bb{}\u00bb]<\/p>\n<h3 id=\"reply-title\" class=\"comment-reply-title\"><span>Enviar comentario<\/span><small><\/small><\/h3>\n<form action=\"https:\/\/web.archive.org\/web\/20210221135408\/http:\/\/csc.facmed.unam.mx\/wp-comments-post.php\" method=\"post\" id=\"commentform\" class=\"comment-form\">\n<p class=\"comment-notes\"><span id=\"email-notes\">Tu direcci\u00f3n de correo electr\u00f3nico no ser\u00e1 publicada.<\/span><span>\u00a0<\/span>Los campos obligatorios est\u00e1n marcados con<span>\u00a0<\/span><span class=\"required\">*<\/span><\/p>\n<\/form>\n<p>[\/et_pb_text][et_pb_contact_form captcha=\u00bboff\u00bb email=\u00bbprogi.fm@unam.mx\u00bb submit_button_text=\u00bbEnviar comentario\u00bb _builder_version=\u00bb4.16&#8243; _module_preset=\u00bbdefault\u00bb _unique_id=\u00bb189ea683-ce83-4e6f-b3e9-e204ce3c86b7&#8243; global_colors_info=\u00bb{}\u00bb][et_pb_contact_field field_id=\u00bbComentario\u00bb field_title=\u00bbComentario\u00bb field_type=\u00bbtext\u00bb fullwidth_field=\u00bbon\u00bb _builder_version=\u00bb4.16&#8243; global_colors_info=\u00bb{}\u00bb button_text_size__hover_enabled=\u00bboff\u00bb button_one_text_size__hover_enabled=\u00bboff\u00bb button_two_text_size__hover_enabled=\u00bboff\u00bb button_text_color__hover_enabled=\u00bboff\u00bb button_one_text_color__hover_enabled=\u00bboff\u00bb button_two_text_color__hover_enabled=\u00bboff\u00bb button_border_width__hover_enabled=\u00bboff\u00bb button_one_border_width__hover_enabled=\u00bboff\u00bb button_two_border_width__hover_enabled=\u00bboff\u00bb button_border_color__hover_enabled=\u00bboff\u00bb button_one_border_color__hover_enabled=\u00bboff\u00bb button_two_border_color__hover_enabled=\u00bboff\u00bb button_border_radius__hover_enabled=\u00bboff\u00bb button_one_border_radius__hover_enabled=\u00bboff\u00bb button_two_border_radius__hover_enabled=\u00bboff\u00bb button_letter_spacing__hover_enabled=\u00bboff\u00bb button_one_letter_spacing__hover_enabled=\u00bboff\u00bb button_two_letter_spacing__hover_enabled=\u00bboff\u00bb button_bg_color__hover_enabled=\u00bboff\u00bb button_one_bg_color__hover_enabled=\u00bboff\u00bb button_two_bg_color__hover_enabled=\u00bboff\u00bb][\/et_pb_contact_field][et_pb_contact_field field_id=\u00bbNombre*\u00bb field_title=\u00bbNombre*\u00bb fullwidth_field=\u00bbon\u00bb _builder_version=\u00bb4.16&#8243; global_colors_info=\u00bb{}\u00bb button_text_size__hover_enabled=\u00bboff\u00bb button_one_text_size__hover_enabled=\u00bboff\u00bb button_two_text_size__hover_enabled=\u00bboff\u00bb button_text_color__hover_enabled=\u00bboff\u00bb button_one_text_color__hover_enabled=\u00bboff\u00bb button_two_text_color__hover_enabled=\u00bboff\u00bb button_border_width__hover_enabled=\u00bboff\u00bb button_one_border_width__hover_enabled=\u00bboff\u00bb button_two_border_width__hover_enabled=\u00bboff\u00bb button_border_color__hover_enabled=\u00bboff\u00bb button_one_border_color__hover_enabled=\u00bboff\u00bb button_two_border_color__hover_enabled=\u00bboff\u00bb button_border_radius__hover_enabled=\u00bboff\u00bb button_one_border_radius__hover_enabled=\u00bboff\u00bb button_two_border_radius__hover_enabled=\u00bboff\u00bb button_letter_spacing__hover_enabled=\u00bboff\u00bb button_one_letter_spacing__hover_enabled=\u00bboff\u00bb button_two_letter_spacing__hover_enabled=\u00bboff\u00bb button_bg_color__hover_enabled=\u00bboff\u00bb button_one_bg_color__hover_enabled=\u00bboff\u00bb button_two_bg_color__hover_enabled=\u00bboff\u00bb][\/et_pb_contact_field][et_pb_contact_field field_id=\u00bbEmail\u00bb field_title=\u00bbCorreo electr\u00f3nico*\u00bb field_type=\u00bbemail\u00bb _builder_version=\u00bb4.16&#8243; global_colors_info=\u00bb{}\u00bb button_text_size__hover_enabled=\u00bboff\u00bb button_one_text_size__hover_enabled=\u00bboff\u00bb button_two_text_size__hover_enabled=\u00bboff\u00bb button_text_color__hover_enabled=\u00bboff\u00bb button_one_text_color__hover_enabled=\u00bboff\u00bb button_two_text_color__hover_enabled=\u00bboff\u00bb button_border_width__hover_enabled=\u00bboff\u00bb button_one_border_width__hover_enabled=\u00bboff\u00bb button_two_border_width__hover_enabled=\u00bboff\u00bb button_border_color__hover_enabled=\u00bboff\u00bb button_one_border_color__hover_enabled=\u00bboff\u00bb button_two_border_color__hover_enabled=\u00bboff\u00bb button_border_radius__hover_enabled=\u00bboff\u00bb button_one_border_radius__hover_enabled=\u00bboff\u00bb button_two_border_radius__hover_enabled=\u00bboff\u00bb button_letter_spacing__hover_enabled=\u00bboff\u00bb button_one_letter_spacing__hover_enabled=\u00bboff\u00bb button_two_letter_spacing__hover_enabled=\u00bboff\u00bb button_bg_color__hover_enabled=\u00bboff\u00bb button_one_bg_color__hover_enabled=\u00bboff\u00bb button_two_bg_color__hover_enabled=\u00bboff\u00bb][\/et_pb_contact_field][et_pb_contact_field field_id=\u00bbWeb\u00bb field_title=\u00bbWeb\u00bb field_type=\u00bbemail\u00bb _builder_version=\u00bb4.16&#8243; global_colors_info=\u00bb{}\u00bb button_text_size__hover_enabled=\u00bboff\u00bb button_one_text_size__hover_enabled=\u00bboff\u00bb button_two_text_size__hover_enabled=\u00bboff\u00bb button_text_color__hover_enabled=\u00bboff\u00bb button_one_text_color__hover_enabled=\u00bboff\u00bb button_two_text_color__hover_enabled=\u00bboff\u00bb button_border_width__hover_enabled=\u00bboff\u00bb button_one_border_width__hover_enabled=\u00bboff\u00bb button_two_border_width__hover_enabled=\u00bboff\u00bb button_border_color__hover_enabled=\u00bboff\u00bb button_one_border_color__hover_enabled=\u00bboff\u00bb button_two_border_color__hover_enabled=\u00bboff\u00bb button_border_radius__hover_enabled=\u00bboff\u00bb button_one_border_radius__hover_enabled=\u00bboff\u00bb button_two_border_radius__hover_enabled=\u00bboff\u00bb button_letter_spacing__hover_enabled=\u00bboff\u00bb button_one_letter_spacing__hover_enabled=\u00bboff\u00bb button_two_letter_spacing__hover_enabled=\u00bboff\u00bb button_bg_color__hover_enabled=\u00bboff\u00bb button_one_bg_color__hover_enabled=\u00bboff\u00bb button_two_bg_color__hover_enabled=\u00bboff\u00bb][\/et_pb_contact_field][\/et_pb_contact_form][\/et_pb_column][\/et_pb_row][\/et_pb_section]<\/p>\n","protected":false},"excerpt":{"rendered":"<p>El Programa de Ingl\u00e9s te invita a conocer las preguntas m\u00e1s comunes sobre las diferentes modalidades para acreditar el idioma.\u00a0El curso de Comprensi\u00f3n de Lectura en Ingl\u00e9s est\u00e1 formado por dos niveles: Comprensi\u00f3n de Lectura en ingl\u00e9s (Nivel B1), Comprensi\u00f3n de Textos especializados (Nivel B2) adaptado para las carreras de M\u00e9dico Cirujano, Neurociencias, Ciencia Forense [&hellip;]<\/p>\n","protected":false},"author":1,"featured_media":0,"parent":0,"menu_order":0,"comment_status":"closed","ping_status":"closed","template":"","meta":{"_et_pb_use_builder":"on","_et_pb_old_content":"","_et_gb_content_width":"","footnotes":""},"class_list":["post-31","page","type-page","status-publish","hentry"],"jetpack_sharing_enabled":true,"_links":{"self":[{"href":"https:\/\/progingles.facmed.unam.mx\/index.php\/wp-json\/wp\/v2\/pages\/31","targetHints":{"allow":["GET"]}}],"collection":[{"href":"https:\/\/progingles.facmed.unam.mx\/index.php\/wp-json\/wp\/v2\/pages"}],"about":[{"href":"https:\/\/progingles.facmed.unam.mx\/index.php\/wp-json\/wp\/v2\/types\/page"}],"author":[{"embeddable":true,"href":"https:\/\/progingles.facmed.unam.mx\/index.php\/wp-json\/wp\/v2\/users\/1"}],"replies":[{"embeddable":true,"href":"https:\/\/progingles.facmed.unam.mx\/index.php\/wp-json\/wp\/v2\/comments?post=31"}],"version-history":[{"count":6,"href":"https:\/\/progingles.facmed.unam.mx\/index.php\/wp-json\/wp\/v2\/pages\/31\/revisions"}],"predecessor-version":[{"id":331,"href":"https:\/\/progingles.facmed.unam.mx\/index.php\/wp-json\/wp\/v2\/pages\/31\/revisions\/331"}],"wp:attachment":[{"href":"https:\/\/progingles.facmed.unam.mx\/index.php\/wp-json\/wp\/v2\/media?parent=31"}],"curies":[{"name":"wp","href":"https:\/\/api.w.org\/{rel}","templated":true}]}}